ivided by 4.
2
Let r(p) = p - 13. Let t be r(9). What is the remainder when (36/45)/(t/(-150)) is divided by 8?
6
Let n = -18 - -25. Let d(b) = b**2 - 4*b + 2. Calculate the remainder when 43 is divided by d(n).
20
Let g(b) = -b**3 - 3*b**2 - 3*b - 4. Let l be g(-3). Suppose 3*y = -k + 4 + 16, l*k = 25. Calculate the remainder when 17 is divided by y.
2
Let d(g) = -11*g - 6. What is the remainder when 47 is divided by d(-2)?
15
Let r = 12 - 9. Suppose 0 = 2*t - q + 2*q - 90, -4*t = -r*q - 180. Calculate the remainder when t is divided by 23.
22
Let b(o) = o + 8. Let s be b(11). Suppose 49 = 3*r + z, -4*r + 2*z + s = -43. What is the remainder when r is divided by 9?
7
Suppose 2*c + 0 = 12. Let b = c + -2. Calculate the remainder when 6 is divided by b.
2
Suppose t + 11 = 56. Let b(u) = -u**2 + 8*u. What is the remainder when t is divided by b(4)?
13
Suppose -102 - 58 = -10*i. Calculate the remainder when i is divided by (-1 - 2)/(-2 + 1).
1
Let i = -197 - -88. Let x = i - -179. What is the remainder when 27 is divided by (1/(-2))/((-5)/x)?
6
Let r(p) = 8*p. Let i be r(-1). Let b be ((-10)/i)/((-1)/(-4)). What is the remainder when 2/5 + 43/b is divided by 5?
4
Calculate the remainder when 1 + 0 + 3 + 58 is divided by 13.
10
Let q(m) = -5*m**2 + m + 1. Let j be q(3). Let i = -24 - j. Calculate the remainder when 48 is divided by i.
14
Suppose 72 = 3*n - 0*n. Calculate the remainder when n is divided by 13.
11
Suppose 2*q + 2*q + 296 = -4*o, -145 = 2*o + 5*q. Let h = o - -114. Let k = 2 - -12. Calculate the remainder when h is divided by k.
11
What is the remainder when 36 + 0/(-5) + -3 is divided by 13?
7
Let l(a) = 3*a + 20. Let b be l(-6). Suppose 0 = -m + 13 - b. What is the remainder when 30 is divided by m?
8
Suppose 2*f - 14 + 4 = 0. Let t = 3 + f. What is the remainder when 22 is divided by t?
6
Let s be 24/18*(-6)/(-4). Suppose s*a - 9 = 9. What is the remainder when a is divided by 6?
3
Let w be 1 + (-1)/(2/76). Let n(z) = z**2 - 12*z + 8. What is the remainder when n(12) is divided by w/(-7) + (-2)/7?
3
Let o(h) = 5*h**2 - h + 1. What is the remainder when 18 is divided by o(1)?
3
Suppose -40 = -2*r + 5*d + 26, r = 4*d + 39. Calculate the remainder when 68 is divided by r.
22
Let s be ((-44)/(-8))/(3/(-12)). Let y = -13 - s. What is the remainder when y is divided by 3?
0
Suppose -45 = -3*f + 3*m, 2*m = -5*f + 88 + 1. Calculate the remainder when f is divided by 5.
2
Suppose 3*k + 3*k - 78 = 0. Let l be (-1 - -4*1)/1. Suppose 7*y - l*y - 2*r - 16 = 0, -33 = -5*y - 4*r. What is the remainder when k is divided by y?
3
Suppose -2*c + 1 = -23. Suppose y + 223 = 5*i, 2*y + 120 = 2*i + 34. Calculate the remainder when i is divided by c.
9
Let t(x) = -16*x. Let b(y) = 17*y. Let l(d) = 5*b(d) + 6*t(d). What is the remainder when 64 is divided by l(-2)?
20
Suppose -5*y = 2*p - 55, -2*y - 3*p + 6 = p. Let z(k) = 6*k - 5. What is the remainder when z(5) is divided by y?
12
Let v(j) be the second derivative of -j**5/20 - 7*j**4/12 - 3*j**3/2 - 5*j**2 - j. What is the remainder when v(-7) is divided by 14?
11
Suppose -3*w + 5*d + 15 = 2*w, -3*w = -d - 7. Suppose -20 = -w*q + 6*q. Let t(f) = -f**2 - 5*f + 3. What is the remainder when t(q) is divided by 2?
1
Suppose 0*p - 2*p + 8 = 0. Let t = 4 - -3. Suppose t = -5*b + 37. Calculate the remainder when b is divided by p.
2
Let g be 17 - (-1 - -3) - 3. What is the remainder when 1 is divided by ((-21)/g)/7*-4?
0
Let c = -1 + 0. Let o be (5/(-1) - c)/2. What is the remainder when 17 is divided by 0 + 8 - (-4)/o?
5
Let f(n) = -2*n**3 - 4*n**2 - 4*n - 1. Let x(v) = v**3 + 5*v**2 + v + 3. What is the remainder when f(-3) is divided by x(-4)?
14
Let l be 5/7 - (-2)/7. Let g be 1 - (-3 - -2)/l. Let t(q) = 14*q**2 - 2*q - 1. What is the remainder when t(g) is divided by 26?
25
Let w(k) = -k**3 + k - 1. Let s(a) = a**3 - 2*a**2 - 7. Calculate the remainder when w(-2) is divided by s(3).
1
Suppose d + 3 = 6. Suppose -w = 4*r - 393, 9 = -2*w + d. What is the remainder when r is divided by 25?
24
Suppose -2*c + 36 + 32 = 0. Let k = c + -21. Calculate the remainder when k is divided by 4.
1
Let w(r) = r**2 + r + 2. Let j be w(-2). Let g(o) = o**3 - 4*o**2 + o + 4. What is the remainder when 14 is divided by g(j)?
6
Let f = 45 - 22. Calculate the remainder when 85 is divided by f.
16
Let i(b) = b**2 + 12*b + 10. Let h be i(-12). Let n = h + -5. Let w(l) = -l + 1. Calculate the remainder when w(-6) is divided by n.
2
Let x(h) = 6*h**2 - h - 5. What is the remainder when x(-4) is divided by 33?
29
Suppose n - 18 + 11 = 0. Let a = 15 - n. What is the remainder when 15 is divided by a?
7
Let a(o) = -o**3 + 3*o**2 - o - 2. Let b be a(3). Let s(j) = -2*j - 4. Suppose 0 = 2*k - 47 + 5. What is the remainder when k is divided by s(b)?
3
Suppose 0 = -5*t + 16 - 6. Suppose t*q = 0, -3*f - 5*q = -q - 147. What is the remainder when f is divided by 26?
23
Suppose -14 = -2*j + 14. Calculate the remainder when 26 is divided by j.
12
Let r(q) = 2*q**2 + 5*q + 1. Let x be r(-3). Suppose 0 = 5*k + 5*p - 20 - 80, -2*k + x*p = -16. Calculate the remainder when k is divided by 10.
6
Let r = 89 - 73. Let v = -14 + 23. What is the remainder when r is divided by v?
7
Let a(l) be the first derivative of -2*l + 1 + 7*l**3 - 3*l**3 - 3*l**3 + l**2 - 3. Calculate the remainder when a(-4) is divided by 20.
18
Suppose 38 = 3*l - 19. What is the remainder when l is divided by 194/18 - 6/(-27)?
8
Suppose 0 = -3*g - 15, 2*g = 5*v + 31 + 69. Let r = -13 - v. Calculate the remainder when 25 is divided by r.
7
Let c = 10 - 5. Suppose 3 + 2 = 2*n + c*v, 0 = 3*n - 4*v - 42. What is the remainder when 38 is divided by n?
8
Let g be (-2)/(-4) - 42/(-4). Calculate the remainder when 4/2 + (g - -1) is divided by 5.
4
Let j = -7 - -11. Suppose 0 = -3*a - 2*v + 5, j*a - v - 20 = a. Suppose r + 64 = 5*f + 4*r, 0 = 5*f + a*r - 70. Calculate the remainder when 21 is divided by f.
10
Let z(n) = 9*n + 6. Suppose 4*u = 11 + 5. What is the remainder when z(u) is divided by 22?
20
Let f = 103 - 66. Calculate the remainder when 146 is divided by f.
35
Suppose -4*o = -2*o - 5*i - 3, -5*o + 39 = -2*i. Suppose 2*x = -3 + o. Suppose x*b + b = -16, -2*b = -j + 39. What is the remainder when j is divided by 11?
9
Suppose f = -3*v + 32, 0 = 2*v - v + 2*f - 9. Let m(w) = 7*w - 3. What is the remainder when m(5) is divided by v?
10
Let b = -6 + 17. Suppose -4*v + 4 = 0, 3*t + 4*v - v - 12 = 0. Suppose c + 21 = i - t*c, -4*c = 2*i - 42. What is the remainder when i is divided by b?
10
Suppose -394 = -7*a + 145. What is the remainder when a is divided by 28?
21
Suppose 105 = 4*u + 5*y, 0*y = -3*u - y + 76. Suppose -5*k - 5*a = -80, -4*a + 20 + u = 3*k. What is the remainder when k is divided by 7?
5
Let y(i) = i**3 + 6*i**2 - 3*i - 11. Calculate the remainder when 104 is divided by y(-6).
6
Let u(m) = -m**2 + 6*m + 9. Let p = 6 - 0. Suppose -3*z + 6*z - p = 0. Calculate the remainder when z is divided by u(7).
0
Suppose 0*y + 8 = 2*y. Let k be 1 - 0/(2/(-2)). Let i = y + k. Calculate the remainder when i is divided by 3.
2
Let i be 1*-2*(-1)/(-2). Let c = 0 + i. Calculate the remainder when (c - 9)*15/(-6) is divided by 9.
7
Let d(v) = 3*v - 1. Calculate the remainder when 14 is divided by d(3).
6
Let l be 2 + -2 - 0 - 4. Let a(x) = -2*x + 1. Let v be a(l). Let c = v - 0. Calculate the remainder when c is divided by 5.
4
Let h(q) be the third derivative of -q**6/120 + q**5/12 + q**4/24 - 3*q**2. Let b be h(4). What is the remainder when 55 is divided by b - 1*3/3?
17
Let d = 214 - 143. Suppose 0 = -2*h + d + 57. Calculate the remainder when h is divided by 22.
20
Calculate the remainder when ((-238)/8)/7*-4 is divided by 6.
5
Let o(y) = -257*y - 2. Let u be o(-2). Suppose 0*s - 4*s + u = 0. Suppose 4*p = 8*p - s. Calculate the remainder when p is divided by 17.
15
Let f(r) = -3*r + 2. Let l = -123 + 205. Suppose w - 3*w + l = 0. What is the remainder when w is divided by f(-3)?
8
Let l(n) = n - 2. Let h be l(4). Suppose 0*x = 2*x - h. What is the remainder when 1 is divided by x?
0
Let b = 10 + 3. What is the remainder when (1 + 3/(-9))*57 is divided by b?
12
Suppose -169 = -4*i + 67. What is the remainder when i is divided by 30?
29
Calculate the remainder when 502/8 -